f 26.
2, 13
What are the prime factors of 1019?
1019
What are the prime factors of 76439?
11, 6949
What are the prime factors of 38553?
3, 71, 181
List the prime factors of 36386.
2, 7, 23, 113
List the prime factors of 48.
2, 3
What are the prime factors of 1931?
1931
What are the prime factors of 14558?
2, 29, 251
List the prime factors of 631.
631
What are the prime factors of 1861?
1861
List the prime factors of 1465.
5, 293
What are the prime factors of 700?
2, 5, 7
List the prime factors of 434.
2, 7, 31
List the prime factors of 1865.
5, 373
List the prime factors of 1285.
5, 257
What are the prime factors of 8357?
61, 137
What are the prime factors of 54?
2, 3
What are the prime factors of 490?
2, 5, 7
What are the prime factors of 3366?
2, 3, 11, 17
List the prime factors of 31733.
13, 2441
What are the prime factors of 11079?
3, 1231
List the prime factors of 3697.
3697
What are the prime factors of 138928?
2, 19, 457
What are the prime factors of 11136?
2, 3, 29
What are the prime factors of 14875?
5, 7, 17
What are the prime factors of 85246?
2, 7, 6089
List the prime factors of 135549.
3, 15061
List the prime factors of 8153.
31, 263
List the prime factors of 17753.
41, 433
What are the prime factors of 1941?
3, 647
What are the prime factors of 3189?
3, 1063
List the prime factors of 19770.
2, 3, 5, 659
List the prime factors of 76943.
76943
What are the prime factors of 27987?
3, 19, 491
List the prime factors of 1509.
3, 503
What are the prime factors of 118602?
2, 3, 11, 599
List the prime factors of 1548.
2, 3, 43
What are the prime factors of 55909?
7, 163
List the prime factors of 12281.
12281
What are the prime factors of 148?
2, 37
List the prime factors of 148.
2, 37
What are the prime factors of 3891?
3, 1297
What are the prime factors of 20898?
2, 3, 43
What are the prime factors of 1025?
5, 41
What are the prime factors of 13204?
2, 3301
What are the prime factors of 1110?
2, 3, 5, 37
What are the prime factors of 24906?
2, 3, 7, 593
What are the prime factors of 370?
2, 5, 37
What are the prime factors of 272?
2, 17
What are the prime factors of 3961?
17, 233
What are the prime factors of 857?
857
What are the prime factors of 7111?
13, 547
List the prime factors of 1865.
5, 373
List the prime factors of 60644.
2, 15161
What are the prime factors of 23910?
2, 3, 5, 797
List the prime factors of 14447.
14447
List the prime factors of 2217.
3, 739
What are the prime factors of 179?
179
What are the prime factors of 207?
3, 23
What are the prime factors of 2269?
2269
What are the prime factors of 1179?
3, 131
What are the prime factors of 17638?
2, 8819
List the prime factors of 10263.
3, 11, 311
What are the prime factors of 26063?
67, 389
What are the prime factors of 38531?
53, 727
What are the prime factors of 56014?
2, 7, 4001
What are the prime factors of 11432?
2, 1429
List the prime factors of 2132.
2, 13, 41
List the prime factors of 3026.
2, 17, 89
List the prime factors of 137679.
3, 45893
What are the prime factors of 119071?
23, 31, 167
List the prime factors of 760.
2, 5, 19
What are the prime factors of 768?
2, 3
What are the prime factors of 3377?
11, 307
What are the prime factors of 20341?
20341
List the prime factors of 6990.
2, 3, 5, 233
What are the prime factors of 5639?
5639
List the prime factors of 871.
13, 67
List the prime factors of 18338.
2, 53, 173
List the prime factors of 11153.
19, 587
What are the prime factors of 1113?
3, 7, 53
List the prime factors of 14249.
14249
What are the prime factors of 997?
997
What are the prime factors of 12184?
2, 1523
What are the prime factors of 5429?
61, 89
List the prime factors of 296.
2, 37
List the prime factors of 1790.
2, 5, 179
List the prime factors of 1025.
5, 41
What are the prime factors of 2184?
2, 3, 7, 13
List the prime factors of 2219.
7, 317
List the prime factors of 616.
2, 7, 11
What are the prime factors of 32137?
7, 4591
What are the prime factors of 13288?
2, 11, 151
List the prime factors of 128224.
2, 4007
What are the prime factors of 110060?
2, 5, 5503
List the prime factors of 1123.
1123
List the prime factors of 19481.
7, 11, 23
List the prime factors of 1352.
2, 13
What are the prime factors of 17029?
17029
List the prime factors of 4714.
2, 2357
List the prime factors of 69862.
2, 13, 2687
What are the prime factors of 621?
3, 23
List the prime factors of 4087.
61, 67
What are the prime factors of 1224?
2, 3, 17
What are the prime factors of 26975?
5, 13, 83
List the prime factors of 9708.
2, 3, 809
What are the prime factors of 3029?
13, 233
List the prime factors of 9652.
2, 19, 127
List the prime factors of 1153.
1153
What are the prime factors of 2538?
2, 3, 47
What are the prime factors of 276?
2, 3, 23
List the prime factors of 21030.
2, 3, 5, 701
What are the prime factors of 1207?
17, 71
What are the prime factors of 11559?
3, 3853
List the prime factors of 89348.
2, 7, 3191
What are the prime factors of 1989?
3, 13, 17
What are the prime factors of 8222?
2, 4111
List the prime factors of 12027.
3, 19, 211
List the prime factors of 3269.
7, 467
List the prime factors of 646.
2, 17, 19
What are the prime factors of 4887?
3, 181
What are the prime factors of 2765?
5, 7, 79
What are the prime factors of 292?
2, 73
What are the prime factors of 19548?
2, 3, 181
What are the prime factors of 17971?
17971
What are the prime factors of 763?
7, 109
List the prime factors of 80663.
11, 7333
What are the prime factors of 28450?
2, 5, 569
What are the prime factors of 13008?
2, 3, 271
List the prime factors of 1101.
3, 367
List the prime factors of 10389.
3, 3463
What are the prime factors of 11294?
2, 5647
List the prime factors of 9197.
17, 541
List the prime factors of 1675.
5, 67
What are the prime factors of 119?
7, 17
What are the prime factors of 13570?
2, 5, 23, 59
What are the prime factors of 3454?
2, 11, 157
What are the prime factors of 13915?
5, 11, 23
What are the prime factors of 2448?
2, 3, 17
What are the prime factors of 105?
3, 5, 7
List the prime factors of 41776.
2, 7, 373
List the prime factors of 1276.
2, 11, 29
What are the prime factors of 2777?
2777
List the prime factors of 2605.
5, 521
What are the prime factors of 8200?
2, 5, 41
List the prime factors of 740.
2, 5, 37
List the prime factors of 743.
743
List the prime factors of 714.
2, 3, 7, 17
List the prime factors of 447.
3, 149
List the prime factors of 10887.
3, 19, 191
What are the prime factors of 3020?
2, 5, 151
List the prime factors of 27423.
3, 11, 277
List the prime factors of 1603.
7, 229
What are the prime factors of 3093?
3, 1031
List the prime factors of 197.
197
List the prime factors of 67037.
43, 1559
What are the prime factors of 9929?
9929
List the prime factors of 738.
2, 3, 41
List the prime factors of 6394.
2, 23, 139
List the prime factors of 465.
3, 5, 31
What are the prime factors of 171413?
11, 15583
List the prime factors of 1643.
31, 53
List the prime factors of 20585.
5, 23, 179
What are the prime factors of 606?
2, 3, 101
What are the prime factors of 890?
2, 5, 89
List the prime factors of 2862.
2, 3, 53
What are the prime factors of 131397?
3, 7, 6257
What are the prime factors of 637?
7, 13
List the prime factors of 61718.
2, 30859
List the prime factors of 67475.
5, 2699
What are the prime factors of 1331?
11
What are the prime factors of 145481?
7, 2969
What are the prime factors of 45950?
2, 5, 919
List the prime factors of 7944.
2, 3, 331
List the prime factors of 137955.
3, 5, 17, 541
What are the prime factors of 62897?
62897
What are the prime factors of 10556?
2, 7, 13, 29
What are the prime factors of 6049?
23, 263
List the prime factors of 645.
3, 5, 43
What are the prime factors of 9063?
3, 19, 53
What are the prime factors of 1390?
2, 5, 139
List the prime factors of 5018.
2, 13, 193
List the prime factors of 1623.
3, 541
List the prime factors of 548.
2, 137
What are the prime factors of 369?
3, 41
What are the prime factors of 5823?
3, 647
List the prime factors of 1988.
2, 7, 71
What are the prime factors of 2807?
7, 401
What are the prime factors of 6284?
2, 1571
What are the prime factors of 2905?
5, 7, 83
What are the prime factors of 5885?
5, 11, 107
What are the prime factors of 168?
2, 3,